r(g) = g**3 + 9*g**2 + 6*g + 17. Let x be r(-8). Calculate the highest common factor of 528 and x.
33
Let f = 26 - 30. Let l be f/(-12)*0 + 60. Calculate the greatest common factor of l and 150.
30
Suppose 0 = 9*b - 601 - 263. What is the highest common divisor of b and 120?
24
Suppose q + 23 = 43. Let u = 2 + -1. Let a be u*2 - (-1 - 1). Calculate the greatest common factor of a and q.
4
Suppose 2*f = -0 + 16. Let v be 18/f*(-32)/(-6). What is the greatest common factor of v and 96?
12
Suppose -b + 11 = -2*b + 2*r, -2*b - 5*r = -14. Let w be (2 + b)*(-2 + -3). Let x be (200/(-80))/((-1)/2). What is the greatest common factor of x and w?
5
Let w = 131 + -79. Suppose 5*o - w = o. Calculate the highest common divisor of 104 and o.
13
Let t = 24 - 19. Suppose 19 = t*j - 5*h - 11, 3*j + h - 2 = 0. What is the highest common factor of j and 2?
2
Let y(c) = -c + 156. Let l be y(16). Calculate the highest common factor of 112 and l.
28
Let g(h) = -6*h**3 + 7*h**2 + 3*h + 6. Let o be g(-2). Let i be 2/4*76/2. Calculate the greatest common factor of i and o.
19
Let s be (-6)/15 - (-144)/10. Suppose 0 = 5*a - 28 - 742. What is the highest common factor of a and s?
14
Suppose 1001 = 6*x + 191. What is the greatest common divisor of x and 216?
27
Let i be (-78551)/(-185) + (-9)/15. What is the greatest common factor of i and 8?
8
Suppose 6 = 3*h - 3*p, p = 5*h - p - 25. What is the greatest common divisor of h and 49?
7
Let l = 116 + 79. What is the highest common divisor of l and 117?
39
Suppose 5*i - 2148 = -3*v, -5*v + 8*i + 3629 = -0*v. Calculate the greatest common divisor of 7 and v.
7
Suppose 2*f + 2*f = 96. Let p = -724 + 796. What is the greatest common divisor of p and f?
24
Suppose -5*s - 3 = 4*a - 0*s, 3*a - 5*s - 24 = 0. Suppose -2*x + 137 = a*x - 3*o, 3*x + o = 71. What is the highest common factor of x and 225?
25
Let h = -168 + 305. Let d = h + -97. Suppose 5 = 4*r - 3*r. What is the greatest common divisor of d and r?
5
Suppose -12*d = -1428 + 420. What is the highest common divisor of d and 336?
84
Let h(b) = 114*b + 182. Let m be h(14). Calculate the highest common factor of m and 14.
14
Let p(r) = -r**2 - 39*r - 29. Let v be p(-38). What is the highest common divisor of 477 and v?
9
Let n = -1 - -8. Let i(m) = -m**3 + 11*m**2 + 12*m - 2. Let f be i(12). Let a(t) = -6*t + 2. Let s be a(f). What is the greatest common divisor of n and s?
7
Suppose -6 = -2*z - 3*b, -7*z + 2*z + 10 = 5*b. Suppose 3*m = 6 - z, -m = 5*j - 677. Calculate the greatest common divisor of 27 and j.
27
Suppose 0 = 7*w - 0*w - 42. Calculate the highest common divisor of w and 924.
6
Let q(u) = -134*u + 128. Let c be q(-5). Calculate the greatest common divisor of c and 57.
57
Let q be 24/36 + (-83)/3. Let u = q + 36. Calculate the highest common divisor of u and 27.
9
Let y(w) = 2*w + 27. Let x be y(-12). Suppose -3*g + 187 = m, x*g - m = m + 193. What is the greatest common factor of g and 21?
21
Let p = 48 + -10. Let j be 2 - p*1/(-1). Calculate the highest common factor of j and 20.
20
Let l be (-4316)/(-22) - (-8)/(-44)*1. Calculate the highest common divisor of 2 and l.
2
Suppose 13 = b - 4. Let t be 153/2*(-14)/(-21). What is the greatest common factor of b and t?
17
Suppose 0 = -2*g + 4*y + 210, g - 6*g - 4*y + 525 = 0. Suppose 4*a - 3*u - 66 = 0, 2*u = 3*a + 7*u - 35. Calculate the highest common divisor of a and g.
15
Let u be (-28)/(-42)*54/(-4). Let a(k) = 2*k**2 + 16*k - 11. Let z be a(u). Calculate the greatest common divisor of 49 and z.
7
Let a(w) = -6*w - 13. Suppose 0 = -10*o - 2*o - 36. Let p be a(o). Calculate the highest common factor of 40 and p.
5
Let h be 2/9 - (-79)/9. Suppose -3*c + 3*d = -297, 55 - 253 = -2*c - 4*d. What is the greatest common divisor of c and h?
9
Suppose -218 = -4*w - 166. Let q be 13/(-2 + (-28)/(-16)). Let k be (-1)/(-2)*-2*q. Calculate the highest common factor of w and k.
13
Let y = -11 - -15. Suppose k = 3*q - 9, -y*k + 4*q = q - 9. Let o = k - -9. What is the greatest common divisor of 30 and o?
15
Let c = -1215 + 1314. Calculate the greatest common divisor of 72 and c.
9
Let f(l) = l**3 - 4*l**2 - 6*l - 10. Let d be f(8). Suppose 0 = 32*t - 37*t + 110. What is the greatest common divisor of d and t?
22
Let g(c) = 5*c**3 - 2 + 34*c - 33*c - 4*c**3 + 5*c**2. Let v be g(-4). Let z = v + -6. What is the highest common factor of z and 6?
2
Let c = 90 - 25. Let n be 12/16*c*4. What is the greatest common divisor of 78 and n?
39
Suppose 4*g + 5*l = 428 + 36, 321 = 3*g - 3*l. Let k(v) = v**3 - 5*v**2 + 11*v + 9. Let h be k(4). Calculate the greatest common divisor of h and g.
37
Suppose x - 131 = -3*l, l + 111 = x - 0*x. What is the greatest common divisor of x and 16?
4
Suppose -2*c = -2*r - 10, 0*r - 11 = -5*c - 2*r. What is the greatest common divisor of c and 24?
3
Suppose -4*f + 229 = 149. What is the greatest common divisor of f and 80?
20
Let b be 2 + (1/(-3))/((-8)/168). Let m = -82 - -84. What is the greatest common divisor of m and b?
1
Let h(c) = 72*c - 198. Let a be h(10). Calculate the greatest common divisor of 58 and a.
58
Suppose -p - 62 = -4*f + 6*f, -p + 148 = -5*f. Let x = 13 - 21. Let y = x - f. What is the highest common factor of y and 22?
22
Suppose -2*t = 2*t - a - 14, 0 = -2*t + 5*a - 2. Suppose -s + t + 16 = 0. Calculate the highest common factor of s and 180.
20
Let g = 60 + -22. Let a = 52 - g. Let j = 49 - 21. What is the highest common divisor of a and j?
14
Let b = -2 - -4. Suppose 2*v + b*k - 210 = -3*k, 0 = -5*v - 3*k + 525. What is the greatest common factor of 15 and v?
15
Suppose 0*m - 51 = -3*m. Let z be (3374/72 + 8/(-72))*4. What is the highest common divisor of z and m?
17
Suppose 0 = 3*y - y + 4. Let l be (-1)/(y + (-81)/(-42)). Suppose 0 = p + k - 14, -2 = 3*p - 3*k - l. Calculate the greatest common factor of p and 9.
9
Let i = -230 + 276. What is the greatest common factor of 598 and i?
46
Let y be 45 - (-4 + (-3 - (-9 - -5))). What is the greatest common factor of y and 2400?
48
Let w = 83 - 55. Suppose -16 = 4*c, -2*b = 2*b + 4*c - w. Suppose 4*m - 48 = 2*p, 42 = m + 3*m + p. Calculate the greatest common factor of m and b.
11
Suppose u = 5*u + 16, 6456 = 3*h - 3*u. Suppose 3*l + h = 5*b, -4*l + 848 = 4*b - 896. Calculate the greatest common divisor of b and 48.
48
Let g(h) = 10*h**2 + 1 - 9 - h + h**3 + 0*h**3 - h. Let p be g(-10). Calculate the highest common factor of 36 and p.
12
Suppose -151*b + 157*b = 270. Suppose 0 = t + 8 - 26. Calculate the highest common factor of t and b.
9
Let s be 11 + 2 + -2 + -2. Suppose -k - 1 + s = 0. Let o = 8953 + -8945. What is the greatest common factor of k and o?
8
Let z(s) = -s**2 + 14*s - 17. Let n be z(13). Let p be n + 1 + (-9)/(-3) + 16. Let g be 14/4 + (-1)/(-2). What is the greatest common divisor of p and g?
4
Let b = 46 - 44. Suppose q = -5*u + 119, -u - 3*u - b*q = -100. What is the greatest common factor of 69 and u?
23
Suppose 0*g = 5*g + 3*z - 36, -5*g = -5*z - 60. Let p = -1 + g. Calculate the highest common factor of p and 88.
8
Suppose 78*o + 416 = 82*o. Calculate the greatest common factor of 13 and o.
13
Suppose 2*s + r + 3 = 6*s, -3*s = -4*r + 14. Suppose s = -4*p + 14. Suppose -5*l - 2*w + 10 = 1, 12 = -4*w. What is the highest common divisor of l and p?
3
Suppose 4*k = -0*k. Let n = 4 - k. What is the greatest common factor of 28 and n?
4
Let t = -207 + 416. What is the greatest common factor of 19 and t?
19
Let z be 115/5*(3 + -2). Let t = z - 4. Let n = t - -2. Calculate the greatest common divisor of n and 14.
7
Let s be ((-5)/((-25)/14))/((-40)/(-200)). Calculate the greatest common factor of s and 266.
14
Let i(k) = -23*k - 4. Suppose 16 = 5*n - 4. Suppose -q = q + n. Let u be i(q). What is the highest common factor of u and 28?
14
Let o(c) = -5 + 9 - 39*c - 7. Let q be o(-5). Calculate the highest common divisor of q and 24.
24
Let k be 0 + 3/(0 + 1). Let l(x) = 19*x**2 + 4*x - 30. Let o be l(4). Suppose -12*v + o = 2. What is the highest common divisor of k and v?
3
Let k(h) = 2*h**3 - 28*h**2 - 18*h + 30. Let s be k(15). Calculate the highest common divisor of s and 126.
42
Let w(j) = 392*j**3 - 2*j**2 + j + 1. Let s be w(1). Calculate the greatest common divisor of 56 and s.
56
Let x(o) = 3*o**3 + o**2